-6*z + 73. Suppose -8*k = -12*k. Calculate the remainder when h(k) is divided by (-4)/(-6)*3 - -17.
16
Let m(c) = c**3 + 7*c**2 + 3*c + 1. Let z be m(-4). Let h = 62 - z. Let n = 47 - h. What is the remainder when 85 is divided by n?
19
Suppose 25*p = -3*p + 19404. Let h = p - 266. What is the remainder when h is divided by 39?
37
Let v(q) = -19*q - 22. Let j be v(-3). Suppose -j*y + 95*y = 1500. What is the remainder when 88 is divided by y?
13
Let s = -16 + 28. Suppose 3*t = -5 - 7, -r + 10 = -2*t. Suppose 0 = -5*x + h + 114, -16 = 2*h + r*h. What is the remainder when x is divided by s?
10
Let j = -12597 + 13041. What is the remainder when 1343 is divided by j?
11
Let q = -550 - -566. Suppose -q - 47 = -7*n. What is the remainder when 103 is divided by n?
4
Let j = 3879 - 1247. What is the remainder when j is divided by 63?
49
Let u = -133 + 135. Let k(w) = 3*w**2 + u*w**2 + 50*w - 51*w. Calculate the remainder when k(4) is divided by 39.
37
Let q(f) = -421*f - 3. Let p be q(-4). Suppose -3*i + 4*r + 4 = -4*i, -7*i = -3*r - 96. Suppose i*b = -625 + p. Calculate the remainder when b is divided by 31.
26
Let v = 7272 + -7269. Calculate the remainder when 1032 is divided by v.
0
Let o = 167 - 100. Let f(p) = 573*p - 277. Calculate the remainder when f(2) is divided by o.
65
Suppose -167 = -t + z + 508, 0 = -2*t - 3*z + 1350. Suppose -f = -3*x + 507, 0 = 12*x - 8*x - f - t. Calculate the remainder when x is divided by 57.
54
Let d be -51 - (-2 + (4 - 1)). Let n = 327 + -252. What is the remainder when n is divided by (d/(-6))/(2/3)?
10
Suppose 3*m + 4*r - 149 = -8, m - 36 = -5*r. Suppose -25*s = 47*s - 7272. What is the remainder when s is divided by m?
50
Let q be 2/((-7)/(-21)*(-6)/1249). Calculate the remainder when 8/(-48) - q/6 is divided by 11.
10
Suppose -4*o = 2*i + i - 149, 0 = -2*i - 3*o + 100. Let f = -162 + 118. Calculate the remainder when i is divided by (7 - (-1)/(-1)) + f/(-22).
7
Let g = -23003 + 23011. Calculate the remainder when 1325 is divided by g.
5
What is the remainder when ((2 - -1)*2)/(3/(-29775)*-15) is divided by 56?
50
Let g = 46343 - 46267. Let a = -11 - -17. What is the remainder when g is divided by a?
4
Let a = -26 + -57. Let d = 126 + a. Let v = d + -15. Calculate the remainder when v is divided by 11.
6
Let s(v) = -v**3 - 3*v**2 - 11*v - 18. Let h be s(-2). Suppose -4*b - 6 = -5*f + 21, 4*f + 3*b - 34 = h. Calculate the remainder when 26 is divided by f.
5
Let r(j) = -j**3 - 8*j**2 + 16*j - 11. Let w(p) = p**3 + 5*p**2 - 14*p - 10. Let d be w(-7). Calculate the remainder when r(d) is divided by 11.
7
Suppose l = -16 + 14. Calculate the remainder when (-3 + 2 - l)/(7/497) is divided by 9.
8
Let a(q) = q**2 - 109*q - 602. What is the remainder when 1395 is divided by a(-6)?
75
Suppose c = 6 + 72. Calculate the remainder when c is divided by (9720/216*8/70)/((-6)/(-28)).
6
Let f = 13 - 1. Suppose 0 = -22*s + 18*s - f. Let l(k) = -14*k - 17. Calculate the remainder when 94 is divided by l(s).
19
Let m = 92 + -266. Let o be (m/(-15))/(-1 - 12/(-15)). Let k = o - -70. What is the remainder when 30 is divided by k?
6
Suppose -8*r = 2*r - 30. Suppose 149 = y - 4*b, -r*y + 447 = -17*b + 20*b. Calculate the remainder when y is divided by 17.
13
Suppose n - 385 = -3*i + 2*i, 0 = -i - 4*n + 376. Suppose -4040*b + 4052*b = 156. Calculate the remainder when i is divided by b.
11
Suppose 0 = -5*a - 3 - 7. Let y be 3*(-78)/30 + a/10. Let v(u) = -u**2 - 7*u + 14. Calculate the remainder when 16 is divided by v(y).
4
Let l = 321 - 226. Let v(d) = d**2 + 69*d + 207. Calculate the remainder when l is divided by v(-66).
5
Let n(x) = x**2 + 63*x + 960. Calculate the remainder when n(-15) is divided by 57.
12
Suppose -6*s = -4*s - 44. Suppose -34*z = -14*z - 4540. Let p = z + -225. What is the remainder when s is divided by p?
0
What is the remainder when (182 - 176) + 1*977 is divided by 33?
26
Suppose 3*g + 64 + 26 = 4*c, 2*g + 30 = c. Calculate the remainder when 76 is divided by c.
4
Let q = 61 + -27. Let x = -115 - -122. Suppose -4*r = -x*r + 36. Calculate the remainder when q is divided by r.
10
Suppose -5*m - 5*o - 1621 = 2554, 3*m - 5*o = -2513. Let c = m - -906. What is the remainder when c is divided by 13?
5
Let x = 8 - -109. Suppose -5*b + 6*b = 39. Calculate the remainder when x is divided by b.
0
Let z(o) = 3*o**2 + 8*o - 99. What is the remainder when 227 is divided by z(-8)?
24
Let c = 2150 - 2136. What is the remainder when 4841 is divided by c?
11
Let x(y) = y**3 - 27*y**2 + 94*y - 7. What is the remainder when 22929 is divided by x(23)?
36
Suppose 0 = 5*r - 0*r - 50. Suppose -6286*x = -6289*x - 15, -4*s + 2*x = -162. What is the remainder when s is divided by r?
8
Suppose -25 = -5*n, d + 2*n + 2*n = 11. Let z be (-47 + d)/(-1 - -2). Let p = z - -64. What is the remainder when 51 is divided by p?
3
Let t(n) = -2*n**3 - 44*n**2 + 6*n + 153. Calculate the remainder when 290 is divided by t(-22).
17
Let n(z) = 6*z**2 + 437*z - 43. Let i(m) = -m**3 - 6*m**2 - 2*m - 5. Let x be i(-6). Let j = x - -2. What is the remainder when n(-73) is divided by j?
3
Let n = -1535 + 1604. Let u = 40 - 22. Suppose 78 = 4*m - 3*k, -u = -m - k - 2. What is the remainder when n is divided by m?
15
Suppose 0*m + m = 5. Suppose 0 = -m*c + 36 + 19. Suppose -101 = -2*p + w, -5*w - 218 = -p - 190. Calculate the remainder when p is divided by c.
9
Suppose 189*q - 375*q = -3534. What is the remainder when (-1 - -84) + 3 + -5 is divided by q?
5
Suppose 1050 = -1746*b + 1756*b. Let f(k) = 3*k**2 - 4*k - 5. Let n be f(-6). Let o = n - b. What is the remainder when 107 is divided by o?
19
Let x = 4854 - 4794. What is the remainder when x is divided by 13?
8
Let x = -3886 - -3948. Calculate the remainder when 990 is divided by x.
60
Suppose -38*o - 15 = -35*o. Let x(h) = -9*h + 22. What is the remainder when x(o) is divided by 5?
2
What is the remainder when 608*(40/(-24) - (-13)/6) is divided by 39?
31
Calculate the remainder when 722 is divided by (4 - 115/30)/((-68)/(-29784)).
65
Let t be -2*(-5)/(-20)*-14. Suppose 12*m + t*m = 171. Let h(g) = -g**2 + 16*g - 3. What is the remainder when h(m) is divided by 31?
29
Let z = -2597 + 2638. What is the remainder when 121 is divided by z?
39
Let c be ((-9)/(-6))/((-11835)/3948 - -3). Let g = 697 - c. What is the remainder when 111 is divided by g?
33
Let o = -7391 + 7749. Calculate the remainder when o is divided by 53.
40
Suppose 6441 = 36*d - 3500 + 2597. What is the remainder when d is divided by 186?
18
Let a(d) = -15*d**2 + 2*d - 5. Let c(x) = 2*x**2 - x + 1. Let f(l) = -a(l) - 6*c(l). What is the remainder when (165/(-9))/(1/(-3)) is divided by f(-3)?
13
Suppose -144*v + 6307 - 21476 = -155*v. What is the remainder when v is divided by 10?
9
Calculate the remainder when ((-2328)/(-15))/(264/20 + -13) is divided by 55.
6
Let h(n) = 10*n**2 - 9. Calculate the remainder when h(-3) is divided by 44.
37
Suppose 14 = 4*u - f - 4, f - 22 = -4*u. Suppose 0 = -2*k + u*k + 5*a + 13, -3 = -3*k + 3*a. Let n = 36 + k. What is the remainder when n is divided by 12?
11
Let n(m) = m**2 - 21*m - 104. Calculate the remainder when 484 is divided by n(28).
24
Let j(t) = 2*t**2 + 41*t - 334. What is the remainder when 6463 is divided by j(8)?
119
Let k(f) = 2*f**2 - 6*f - 17. Let x be k(-2). Suppose -i = 4*a - x*i - 84, -4*a = 5*i - 56. Calculate the remainder when 93 is divided by a.
17
Let v = 200 - 195. Let y(k) = k**2 + 6*k - 24. Let x be y(-13). Suppose 0*l - v*j = -4*l + 79, 4*l - x = j. What is the remainder when 108 is divided by l?
12
Suppose 0 = 5*n - 4*s - 41 - 18, -50 = -2*n - 5*s. Let m = 1064 + -1045. Calculate the remainder when m is divided by n.
4
Let r = -23460 - -23485. Calculate the remainder when 5616 is divided by r.
16
Suppose o - 33 = -3*b, 23*o = 10*o + 3*b + 261. What is the remainder when 448 is divided by o?
7
Let w(p) = 11*p**2 - 10*p + 25. Let f(u) = -12*u**2 + 11*u - 25. Let b(c) = 6*f(c) + 7*w(c). What is the remainder when b(3) is divided by 20?
18
Let u = -60 + 100. Suppose 19*a - 32*a = -65. Suppose 3*j - j + a*w - 416 = 0, -3*j + 598 = w. Calculate the remainder when j is divided by u.
38
Let u = -47 + 43. Let g be 5/u - (-3)/12. What is the remainder when g*(-77 - (-10)/(-5)) 